s 3393 divide 762573357?
True
Does 49 divide 522957871?
False
Is 250 a factor of 2624877750?
True
Is 287 a factor of 1093393945?
True
Is 3934436307 a multiple of 172?
False
Does 78 divide 219387218?
False
Does 9 divide 252624042?
True
Is 3 a factor of 15006366?
True
Is 208127500 a multiple of 980?
True
Is 569044410 a multiple of 1065?
True
Is 1276395 a multiple of 317?
False
Is 5300 a factor of 1118094192?
False
Is 111128 a multiple of 2?
True
Does 4 divide 7546512?
True
Is 70609980 a multiple of 3577?
True
Is 46 a factor of 98145679?
False
Does 1935 divide 41472855?
True
Is 1467 a factor of 240276437?
False
Is 1796556911 a multiple of 329?
False
Is 282 a factor of 231322008?
False
Does 2342 divide 264353250?
True
Is 13 a factor of 203345028?
False
Is 287 a factor of 27320404?
False
Is 37047510 a multiple of 135?
True
Does 5 divide 108534900?
True
Is 72573557 a multiple of 2340?
False
Does 18 divide 14749738?
False
Is 369 a factor of 1976841117?
True
Is 14 a factor of 537998699?
False
Is 527725068 a multiple of 172?
True
Is 110191349 a multiple of 1109?
True
Is 5942345 a multiple of 58?
False
Does 773 divide 179601912?
True
Is 9 a factor of 1965942?
True
Is 88 a factor of 18427200?
True
Is 5210220 a multiple of 30?
True
Is 5 a factor of 3564000?
True
Does 130 divide 85257120?
True
Is 669 a factor of 5587842570?
True
Does 4 divide 68558652?
True
Does 1607 divide 461052972?
False
Is 44919234 a multiple of 363?
False
Is 7670091 a multiple of 247?
True
Is 587 a factor of 5689791?
True
Is 62 a factor of 22095889?
False
Is 11515157 a multiple of 32?
False
Is 487548298 a multiple of 128?
False
Does 342 divide 167607018?
True
Is 3 a factor of 661738270?
False
Is 161764339 a multiple of 461?
False
Does 113 divide 21943322?
False
Is 1299317760 a multiple of 416?
True
Is 1878 a factor of 263382469?
False
Is 767 a factor of 185741635?
False
Is 23855590 a multiple of 168?
False
Is 17 a factor of 570760997?
False
Is 137 a factor of 1651000015?
True
Is 5299964725 a multiple of 4690?
False
Does 296 divide 3751746?
False
Does 33 divide 160243343?
False
Does 13 divide 20816016?
True
Is 12 a factor of 83387340?
True
Is 855223473 a multiple of 174?
False
Is 27 a factor of 214964292?
False
Does 286 divide 73372442?
True
Is 1733 a factor of 95505630?
True
Does 31 divide 112246970?
True
Is 347 a factor of 24260332?
False
Does 129 divide 81276003?
False
Is 24 a factor of 257857560?
True
Is 40237311 a multiple of 401?
False
Is 92 a factor of 56313984?
False
Is 10310808 a multiple of 164?
False
Is 265983530 a multiple of 246?
False
Is 13 a factor of 2606209387?
False
Is 56 a factor of 39786319?
False
Is 532952496 a multiple of 4049?
False
Is 191 a factor of 201689697?
True
Is 307153902 a multiple of 242?
True
Is 659615726 a multiple of 11?
True
Is 92118516 a multiple of 7?
True
Does 2 divide 5117161?
False
Is 445927050 a multiple of 29?
False
Is 220 a factor of 27412098?
False
Is 8 a factor of 131029456?
True
Is 42 a factor of 64688232?
True
Is 12 a factor of 71953690?
False
Is 6082280775 a multiple of 3004?
False
Does 424 divide 70907216?
True
Is 484240349 a multiple of 6278?
False
Is 8899031 a multiple of 93?
False
Does 261 divide 32539914?
True
Is 25 a factor of 2596325?
True
Is 1041553600 a multiple of 190?
False
Is 784 a factor of 252763168?
True
Is 2260 a factor of 1637431020?
True
Is 8953734 a multiple of 16?
False
Is 213 a factor of 17061726?
True
Does 5 divide 46266795?
True
Is 5786 a factor of 502131049?
False
Is 6 a factor of 391598706?
True
Is 3328 a factor of 990292992?
True
Is 59378541 a multiple of 1116?
False
Does 365 divide 88045665?
True
Is 3308 a factor of 237005346?
False
Is 102 a factor of 518592276?
True
Is 241152240 a multiple of 5530?
True
Does 24 divide 31802160?
True
Is 495932082 a multiple of 1691?
False
Is 39 a factor of 78501501?
True
Is 7 a factor of 1364456541?
True
Is 5 a factor of 48228604?
False
Is 383965612 a multiple of 55?
False
Is 86 a factor of 416489820?
False
Is 52 a factor of 31527808?
True
Is 112983291 a multiple of 15?
False
Is 1089714394 a multiple of 2010?
False
Is 4 a factor of 237121151?
False
Is 6 a factor of 148496435?
False
Does 11 divide 339126040?
True
Is 15 a factor of 73271310?
True
Is 45016728 a multiple of 158?
True
Is 2964 a factor of 538724784?
True
Is 210736228 a multiple of 20?
False
Does 209 divide 110253770?
True
Does 24 divide 21653496?
True
Is 3878250 a multiple of 38?
False
Does 3611 divide 815923505?
True
Does 9 divide 147652812?
True
Is 37801110 a multiple of 30?
True
Is 1735193338 a multiple of 111?
False
Is 31 a factor of 761786478?
False
Is 196011144 a multiple of 76?
True
Is 73590939 a multiple of 392?
False
Is 966 a factor of 96507642?
False
Is 3663973268 a multiple of 412?
True
Is 6 a factor of 192738920?
False
Is 66181695 a multiple of 3829?
False
Does 3 divide 79686051?
True
Does 10 divide 22250?
True
Is 29839040 a multiple of 245?
True
Is 390 a factor of 586171560?
True
Does 8 divide 114591049?
False
Is 19 a factor of 1774486?
True
Is 75 a factor of 6740467?
False
Does 495 divide 135241920?
True
Is 189 a factor of 198542799?
True
Is 403 a factor of 41224104?
False
Is 9221157 a multiple of 4?
False
Does 1957 divide 30924514?
True
Is 63 a factor of 908396480?
False
Is 321 a factor of 18801533?
False
Is 235 a factor of 919378750?
True
Does 284 divide 6771980?
True
Does 18 divide 52641864?
True
Does 499 divide 3342801?
True
Is 17 a factor of 1273223296?
True
Is 13975470 a multiple of 813?
True
Does 1350 divide 383101541?
False
Is 14 a factor of 25686169?
False
Does 20 divide 73412160?
True
Is 1476207460 a multiple of 10?
True
Is 2 a factor of 2334314?
True
Is 49703344 a multiple of 18?
False
Does 12 divide 27772632?
True
Does 218 divide 16210916?
True
Is 15 a factor of 64459020?
True
Is 1035417979 a multiple of 48?
False
Does 618 divide 2769311616?
False
Is 22539903 a multiple of 1951?
True
Is 11 a factor of 135211366?
False
Is 20 a factor of 66638383?
False
Does 7 divide 117206425?
True
Is 11 a factor of 323669830?
True
Is 7 a factor of 18533865?
True
Is 3135261 a multiple of 10?
False
Is 58885733 a multiple of 83?
False
Does 71 divide 277206152?
True
Is 978 a factor of 253071157?
False
Is 68125704 a multiple of 12?
True
Is 708705927 a multiple of 770?
False
Does 1060 divide 156001260?
True
Is 167 a factor of 10518547?
False
Does 380 divide 74867227?
False
Does 24 divide 45254016?
True
Does 5195 divide 2041920725?
True
Does 403 divide 2995004075?
False
Is 509966976 a multiple of 128?
True
Is 1139 a factor of 147608366?
False
Is 2921150627 a multiple of 23?
True
Is 292724461 a multiple of 631?
False
Does 263 divide 20401732?
False
Is 1196078070 a multiple of 10082?
True
Does 722 divide 3650353302?
True
Is 56 a factor of 6030976?
True
Is 154 a factor of 8153684?
True
Is 4755268342 a multiple of 4822?
True
Is 564115722 a multiple of 1188?
False
Does 42 divide 1323530832?
False
Is 3 a factor of 1326972?
True
Does 7984 divide 79137408?
True
Is 552 a factor of 207545928?
True
Is 4942 a factor of 1470882518?
True
Is 120681296 a multiple of 336?
False
Is 2134 a factor of 1107932652?
False
Does 395 divide 4530534103?
False
Is 599036104 a multiple of 4636?
True
Is 96 a factor of 20912352?
True
Is 12 a factor of 2359624?
False
Is 577625592 a multiple of 17?
True
Does 209 divide 31354180?
True
Is 83 a factor of 103305369?
True
Is 1025072773 a multiple of 116?
False
Does 296 divide 319904368?
True
Is 9327240 a multiple of 180?
True
Is 889920080 a multiple of 38?
False
Does 932 divide 121217734?
False
Does 390 divide 600702960?
True
Is 545 a factor of 20537780?
True
Is 25 a factor of 2757247421?
False
Is 62771816 a multiple of 32?
False
Does 16 divide 12887648?
True
Is 137780557 a multiple of 17?
False
Is 983833873 a multiple of 1530?
False
Does 12 divide 14201988?
True
Does 29 divide 4686484027?
False
Is 112 a factor of 175367671?
False
Does 104 divide 18621304?
True
Does 137 divide 5631659?
True
Is 8 a factor of 422212427?
False
Does 14 divide 9427055008?
True
Does 8140 divide 1110947200?
True
Is 749 a factor of 364813336?
False
Is 272611774 a multiple of 1322?
False
Is 34058933 a multiple of 33?
False
Does 34 divide 10600282?
True
Does 210 divide 81258870?
True
Does 581 divide 43828897?
True
Does 430 d